 - 29. What is the remainder when 35 is divided by d(c)?
11
Suppose 16*s - 11*s = -3*f + 137, -2*s - 4*f = -52. What is the remainder when 78 is divided by s?
22
Suppose 0 = 2*b + b - 4*q + 106, -5*b - 180 = -5*q. Let y = b - -68. Suppose y - 12 = 2*w - 3*v, 5*w - 31 = 4*v. Calculate the remainder when 7 is divided by w.
1
Suppose -5*z - 15 = -265. Let h = z + -33. What is the remainder when 22 is divided by h?
5
Let h(q) = 2*q + 1. Let t be h(1). Suppose t*a + 2 = -2*k + 5, 2*a - 5*k = 2. Calculate the remainder when a is divided by 1.
0
Let j(q) be the first derivative of 8*q**3/3 + 5*q**2/2 - 7*q + 10. What is the remainder when j(2) is divided by 10?
5
Let q = 46 + -48. Calculate the remainder when 6 + -4 - (q - -3)*-43 is divided by 24.
21
Let d(g) = -31*g - 129. What is the remainder when 255 is divided by d(-5)?
21
Let w(b) = -b**3 - b**2 + 5. Let q be w(0). Suppose -2 = q*x - 42. What is the remainder when x is divided by 7?
1
Suppose -453*d + 381*d + 4104 = 0. Let p(z) = -z**3 + 2*z**2 + z - 2. What is the remainder when d is divided by p(-2)?
9
Let y(q) = q**3 - 8*q**2 + 11*q + 1. Let v be y(9). Let k = v + -24. What is the remainder when k is divided by 40?
37
Let a = -31 + 39. Let i(n) = -n**3 + 7*n**2 + 7*n + 19. Calculate the remainder when 29 is divided by i(a).
7
Suppose -o = 1, 0 = -2*m + 6*o - o + 27. What is the remainder when 65 is divided by m?
10
Let k = 48 + -40. Calculate the remainder when 175 is divided by k.
7
Suppose 0 = 16*i + 216 - 4408. What is the remainder when i is divided by 6?
4
Let k(o) = 7*o - 3. Suppose 0 = 11*j - 374 - 209. What is the remainder when j is divided by k(3)?
17
Suppose 6*n + 86 = 566. Suppose -4*q + 4*c + n = 0, -5*c = 5*q - 56 - 14. What is the remainder when 31 is divided by q?
14
Suppose 100*c - 105*c + 170 = 0. Calculate the remainder when c is divided by 20.
14
Let f = 237 - 143. Calculate the remainder when f is divided by 25.
19
What is the remainder when 169 is divided by (-10818)/(-198) - 20/(-55)?
4
Let p = 2 - -1. Suppose -m - p = 11. What is the remainder when m/35 + (-334)/(-10) is divided by 7?
5
Let t = 16 + 49. Let c = -55 + t. Calculate the remainder when c is divided by 5.
0
Suppose -17*o + 828 + 39 = 0. Calculate the remainder when o is divided by 6.
3
Suppose -35 = -5*r - 5*t, -r + 0*t + 4*t + 7 = 0. Calculate the remainder when 124 is divided by r.
5
Suppose 0 = -27*w + 175 + 986. Calculate the remainder when 340 is divided by w.
39
Calculate the remainder when 1 - 1 - 464/(-58) is divided by ((-10)/(-6))/(1/3).
3
Calculate the remainder when (129/18 - (-6)/(-36))*1 is divided by (3/(-9))/((-1)/9).
1
Calculate the remainder when 10/12 - 8464/(-96) is divided by 46.
43
What is the remainder when (-1 + 0)/((-1)/37) is divided by (75/(-9))/(240/(-144))?
2
Calculate the remainder when (-2)/((-35)/(-574)*(-16)/60) is divided by 32.
27
Calculate the remainder when 185 is divided by 43 - (-7)/(56/32).
44
Let d = -28 - -438. Suppose 2*b + 136 = d. What is the remainder when b is divided by 46?
45
Let n(p) = -p + 5. Let c(t) = 3*t**2 + 7*t + 3. What is the remainder when n(-11) is divided by c(-3)?
7
Let y = -26 + 40. Suppose -9*j = -y*j + 40. Suppose -16 - j = -s. What is the remainder when 93 is divided by s?
21
Calculate the remainder when 2*-2*123/(-12) is divided by (-6)/9 + (-136)/(-6).
19
Suppose 4*x - t = 2*t + 71, 3*x - 46 = -5*t. Suppose 0 = -2*v - 10*v - 5*v. Suppose -x = -p - v*p. What is the remainder when p is divided by 5?
2
Let i = 24 + -14. Suppose 2*z - 5*o - 108 = 0, 26 = 5*o + 6. Suppose -3*n + z = i. What is the remainder when 34 is divided by n?
16
Let w = -6296 + 6341. What is the remainder when w is divided by (-2)/(4/(-2)) - -23?
21
Let u(y) = 24*y - 464. What is the remainder when u(27) is divided by 17?
14
Suppose 4*a = -0*a + 2920. Suppose -6*y = -3*y + 4*n + a, 0 = -4*y - 3*n - 985. Calculate the remainder when 2/6 - y/6 is divided by 9.
6
Let h be ((-3)/3 + -2)*-1. Suppose -5 = -h*k + 175. Calculate the remainder when 83 is divided by 4/10 + 1236/k.
20
Suppose 9*w = -14*w + 368. Let r(f) = 2*f**2 - 4*f - 2. What is the remainder when r(6) is divided by w?
14
Let j be ((-9)/(-2) + -3)*2. Let i(q) = 0*q - j*q - 2 - q + q. What is the remainder when 27 is divided by i(-3)?
6
Calculate the remainder when 5 + 6 + 85 + -2 is divided by 2*11 + 9/(-3).
18
Suppose -2*w + 230 = 3*w - 5*z, -5*z - 130 = -3*w. Let n = w - 35. Let s = n - 4. Calculate the remainder when s is divided by 3.
2
Calculate the remainder when 63 is divided by 46/4 + ((-105)/(-10) - 11).
8
What is the remainder when 195 is divided by 1194*(-10)/(-240) - 1/(-4)?
45
Suppose -5*u = -5*d + 715, -u = -3*d + 5*d - 283. What is the remainder when d is divided by 134?
8
Let v(a) = -a**3 - 11*a**2 + 3*a + 20. Calculate the remainder when v(-12) is divided by 22.
18
Calculate the remainder when 1544 is divided by ((-12)/18)/(-2)*273.
88
Let j = -80 - -106. Let t = 33 - j. What is the remainder when 12 is divided by t?
5
Suppose 16*p - 58 = 86. Let n = -4 + 8. Suppose -n*m + 3 = -p. What is the remainder when 8 is divided by m?
2
Let a = 91 + -71. Calculate the remainder when 149 is divided by a.
9
Let v = 295 - 213. What is the remainder when v is divided by (-4)/((-15)/(-21) - 1)?
12
Let l(s) = s**2 - 3*s - 8. Let p be l(4). Calculate the remainder when 18 is divided by 8 - (8 - 0)/p.
8
Let g(r) = r**2 + 4*r + 6. Let n be g(-3). Suppose o - 10 = -0*o. What is the remainder when (-1)/(-6)*n*58 is divided by o?
9
Let p(t) = t**3 - 23*t**2 + t + 104. Calculate the remainder when 278 is divided by p(23).
24
Let a = -96 - -149. Suppose 0 = 2*u - 4*i - 72, 3*u - u - 2*i = 78. Suppose 14*z - u = 11*z. What is the remainder when a is divided by z?
11
Suppose -119 = -0*o - 3*o + q, 4*o - 3*q = 167. Let u(b) = 11*b**3 - b**2 + b - 1. What is the remainder when o is divided by u(1)?
8
What is the remainder when (20/14 - 1) + 796470/4011 is divided by (-75)/(10/(-4) - -1)?
49
Let f(v) = v + 1. Let y(r) = -5*r - 4. Let k be -2*(-3 - (-12)/8). Let c(s) = k*f(s) + y(s). What is the remainder when 11 is divided by c(-4)?
4
Let c = 169 + -109. Suppose t = -4*t + c. What is the remainder when 22 is divided by t?
10
Suppose -2*o - 2*o = 2*x - 122, 0 = -2*o - 3*x + 59. Calculate the remainder when 104 is divided by o.
11
Let i(r) = r**2 - 4*r + 1. Let h(w) = 6*w**3 - 2*w**2 + 3. Calculate the remainder when h(2) is divided by i(-3).
21
Let j = -305 - -314. Calculate the remainder when 175 is divided by j.
4
Let n(m) = -m**3 - 12*m**2 + 13*m + 12. Suppose -3*p = 3*f - 11 + 38, 5*f + 53 = -3*p. What is the remainder when 21 is divided by n(f)?
9
Suppose -2*s = -6*q + q - 3, 0 = 2*q + 2*s + 4. Calculate the remainder when (40 + q)/(4/(1 - -3)) is divided by (-110)/(-8) + (-2)/(-8).
11
Let h = 54 + -54. Suppose -4*g = -0*p - 4*p + 76, h = 3*p + g - 57. What is the remainder when p is divided by 7?
5
Let x(y) = -38*y**2 + 11*y - 11. Let g(i) = 19*i**2 - 6*i + 5. Let v(a) = -5*g(a) - 3*x(a). Calculate the remainder when v(2) is divided by 20.
18
Let f = -495 + 687. Calculate the remainder when f is divided by 27.
3
Suppose -116 = -2*m - 2*q, 8*m - 2*q = 13*m - 284. Calculate the remainder when m is divided by 8.
0
Let m = -160 + 211. What is the remainder when m is divided by 6?
3
Suppose 0 = -4*p - 35 + 95. Suppose v + 2*s + 2 = 0, -p = -5*v + 2*v + s. What is the remainder when 12 is divided by v?
0
Let a(v) = v**2 + 0 + 1 + 0*v**2. Calculate the remainder when (-5265)/(-180) - (-2)/(-8) is divided by a(-3).
9
Let r = -192 - -274. Let m(n) = -6*n - 2. Let y be m(-1). Suppose 63 = y*b - b. Calculate the remainder when r is divided by b.
19
Suppose -40 = -3*s + 5*u - 4*u, 2*s - 2*u = 28. Let v = s - -8. What is the remainder when ((-186)/4)/((-6)/8) is divided by v?
20
Let n(c) = 1. Let m(k) = -k**2 - 11*k - 31. Let g(h) = -m(h) - 4*n(h). Calculate the remainder when 30 is divided by g(-10).
13
Suppose -5*n = -n - 36. Suppose u - 5*o = 9 - 3, -5*u - o + 160 = 0. What is the remainder when u is divided by n?
4
Let n = -4 + -272. Suppose 806 = 3*z - z. Let q = n + z. What is the remainder when q is divided by 26?
23
Suppose -3*r + 138 = 2*c, 4*r + 368 = 5*c - 0*r. Calculate the remainder when c is divided by 38.
34
Let